{"id":55,"date":"2017-07-24T18:49:20","date_gmt":"2017-07-24T16:49:20","guid":{"rendered":"http:\/\/test.schuetzenverein-nordwohlde.de\/?page_id=55"},"modified":"2018-06-05T08:56:21","modified_gmt":"2018-06-05T06:56:21","slug":"chronik","status":"publish","type":"page","link":"https:\/\/www.Schuetzenverein-nordwohlde.de\/?page_id=55","title":{"rendered":"Chronik"},"content":{"rendered":"<h1>Die Geschichte des Sch\u00fctzenvereins Nordwohlde<\/h1>\n<p>Von der Gr\u00fcndung des Sch\u00fctzenvereins Nordwohlde sind leider nur wenige Doku\u00admente vorhanden. Durch die beiden Weltkriege sind zudem sehr viele schriftliche Unterlagen verlorengegangen.<\/p>\n<p>In einer Zeitungsanzeige in der \u201eSyker Zeitung&#8220; ist zu lesen, da\u00df \u201ebehufs Gr\u00fcndung eines Sch\u00fctzenvereins am Sonntag, dem 28. Mai 1905 beim Gastwirt Wessel nach\u00admittags um 4 Uhr eine Versammlung stattfinden soll.&#8220;<\/p>\n<div>\n<table border=\"0\" cellspacing=\"0\" cellpadding=\"0\" align=\"center\">\n<tbody>\n<tr>\n<td valign=\"top\"><img loading=\"lazy\" decoding=\"async\" class=\"size-medium wp-image-267 aligncenter\" src=\"https:\/\/www.Schuetzenverein-nordwohlde.de\/wp-content\/uploads\/2017\/07\/bild1-300x208.jpg\" alt=\"\" width=\"300\" height=\"208\" srcset=\"https:\/\/www.Schuetzenverein-nordwohlde.de\/wp-content\/uploads\/2017\/07\/bild1-300x208.jpg 300w, https:\/\/www.Schuetzenverein-nordwohlde.de\/wp-content\/uploads\/2017\/07\/bild1.jpg 381w\" sizes=\"auto, (max-width: 300px) 100vw, 300px\" \/><\/td>\n<\/tr>\n<\/tbody>\n<\/table>\n<\/div>\n<p>Von einem Gr\u00fcndungsmitglied war zu erfahren, da\u00df schon im Jahre 1904 Bestrebungen im Gange waren, einen Verein zu gr\u00fcnden. Wegen des Ablebens einer ma\u00dfgebenden Pers\u00f6nlichkeit ist die Gr\u00fcndung derzeit verschoben worden. Man hat aber seitdem das Jahr 1904 stets als Gr\u00fcndungsjahr genannt und alle Jubil\u00e4en da\u00adnach ausgerichtet.<\/p>\n<p>&nbsp;<\/p>\n<p><img loading=\"lazy\" decoding=\"async\" class=\"size-medium wp-image-268 aligncenter\" src=\"https:\/\/www.Schuetzenverein-nordwohlde.de\/wp-content\/uploads\/2017\/07\/bild2-300x84.jpg\" alt=\"\" width=\"300\" height=\"84\" srcset=\"https:\/\/www.Schuetzenverein-nordwohlde.de\/wp-content\/uploads\/2017\/07\/bild2-300x84.jpg 300w, https:\/\/www.Schuetzenverein-nordwohlde.de\/wp-content\/uploads\/2017\/07\/bild2.jpg 384w\" sizes=\"auto, (max-width: 300px) 100vw, 300px\" \/><\/p>\n<p>Die \u201eSyker Zeitung&#8220; gab am 13. }uli 1905 bekannt, da\u00df sich ein Sch\u00fctzenverein in Nordwohlde gegr\u00fcndet habe.<\/p>\n<div>\n<p>&nbsp;<\/p>\n<p><img loading=\"lazy\" decoding=\"async\" class=\"size-medium wp-image-269 aligncenter\" src=\"https:\/\/www.Schuetzenverein-nordwohlde.de\/wp-content\/uploads\/2017\/07\/bild3-300x199.jpg\" alt=\"\" width=\"300\" height=\"199\" srcset=\"https:\/\/www.Schuetzenverein-nordwohlde.de\/wp-content\/uploads\/2017\/07\/bild3-300x199.jpg 300w, https:\/\/www.Schuetzenverein-nordwohlde.de\/wp-content\/uploads\/2017\/07\/bild3.jpg 379w\" sizes=\"auto, (max-width: 300px) 100vw, 300px\" \/><\/p>\n<p>Das erste Vereinslokal war die Gastwirtschaft von Heinrich Wessel in Nordwohlde.<\/p>\n<p><img loading=\"lazy\" decoding=\"async\" class=\"size-medium wp-image-270 aligncenter\" src=\"https:\/\/www.Schuetzenverein-nordwohlde.de\/wp-content\/uploads\/2017\/07\/bild4-300x166.jpg\" alt=\"\" width=\"300\" height=\"166\" srcset=\"https:\/\/www.Schuetzenverein-nordwohlde.de\/wp-content\/uploads\/2017\/07\/bild4-300x166.jpg 300w, https:\/\/www.Schuetzenverein-nordwohlde.de\/wp-content\/uploads\/2017\/07\/bild4.jpg 375w\" sizes=\"auto, (max-width: 300px) 100vw, 300px\" \/><\/p>\n<p>In einer Anzeige vom 05. August 1905 wird auf das Er\u00f6ffnungsfest am 13. August 1905 hingewiesen.<\/p>\n<p>Der erste Scheibenstand (Schie\u00dfstand) befand sich im Buchenkamp des Bauern Garbs an der Fesenfelder Stra\u00dfe.<\/p>\n<p>Erster Hauptmann des Vereins war der Bauer Heinrich Meyer aus Steinforth, erster Sch\u00fctzenk\u00f6nig Heinrich Albers aus Fesenfeld.<\/p>\n<p>Am 23. Januar 1906 fand die erste Generalversammlung statt. Anscheinend war Hauptmann Meyer nicht mehr Vorsitzender, denn in dem Bericht der ,Syker Zeitung&#8216; vom 10. Januar 1906 kommt zum Ausdruck, da\u00df die Versammlung von Hauptmann Johann Ritterhoff aus Steinforth er\u00f6ffnet wurde.<\/p>\n<p>Am 13. Mai 1906 wurde das zweite Sch\u00fctzenfest gefeiert. Angetreten wurde bei Gastwirt Meyer in Kastendiek, dann marschierte man zum Festplatz bei der Sand\u00adgrube des Sch\u00fctzenk\u00f6nigs Heinrich Albers in Fesenfeld. Hier war ein provisorischer Schie\u00dfstand aufgebaut; Buden, Verkaufsst\u00e4nde und ein Festzelt waren ebenfalls vor\u00adhanden. Auf diesem Platz wurde dann bis 1908 das Sch\u00fctzenfest gefeiert.<\/p>\n<p>Anfang 1909 hatte der Verein wiederum im Buchenkamp von Garbs einen etwas besser gesicherten Schie\u00dfstand mit zwei Schie\u00dfbahnen eingerichtet.<\/p>\n<p><img loading=\"lazy\" decoding=\"async\" class=\"size-medium wp-image-271 aligncenter\" src=\"https:\/\/www.Schuetzenverein-nordwohlde.de\/wp-content\/uploads\/2017\/07\/bild5-300x186.jpg\" alt=\"\" width=\"300\" height=\"186\" srcset=\"https:\/\/www.Schuetzenverein-nordwohlde.de\/wp-content\/uploads\/2017\/07\/bild5-300x186.jpg 300w, https:\/\/www.Schuetzenverein-nordwohlde.de\/wp-content\/uploads\/2017\/07\/bild5.jpg 378w\" sizes=\"auto, (max-width: 300px) 100vw, 300px\" \/><\/p>\n<p>&nbsp;<\/p>\n<p><img loading=\"lazy\" decoding=\"async\" class=\"size-full wp-image-272 aligncenter\" src=\"https:\/\/www.Schuetzenverein-nordwohlde.de\/wp-content\/uploads\/2017\/07\/bild6.jpg\" alt=\"\" width=\"220\" height=\"200\" \/><\/p>\n<p>1912 kaufte der Verein eine Vereinsfahne bei der Fahnen\u00adfabrik Reineke, Hannover. Beim Sch\u00fctzenfest am 9. und lO. Juni des Jahres wurde gleich\u00adzeitig die Fahnenweihe gefeiert. Im ersten Weltkrieg von 1914 bis 1918 wurden verst\u00e4nd\u00adlicherweise keine Sch\u00fctzenfeste gefeiert.<\/p>\n<p>Der letzte K\u00f6nig war 1914 Hermann Behrens. Aus dem Weltkrieg sind mehrere Sch\u00fct\u00adzenbr\u00fcder nicht mehr in die Heimat zur\u00fcckgekehrt.<\/p>\n<p>In der Generalversammlung am 7. Juni 1924 beschlo\u00df der Verein, das Angebot des Bauern Karl Br\u00fcning anzunehmen, eine Sandgrube von ihm zu pachten zwecks Errichtung eines Schie\u00dfstandes. Im Protokoll der Generalversammlung 1928 wird berichtet, da\u00df der Maurermeister Dietrich Focke von seinem Posten zur\u00fccktritt. Wann er gew\u00e4hlt wurde, konnte nicht ermittelt werden.<\/p>\n<p>Beim Sch\u00fctzenfest 1929 feierte der Verein mit vielen Nachbarvereinen das 25-j\u00e4hrige Vereinsjubil\u00e4um.<\/p>\n<div>\n<table border=\"0\" cellspacing=\"0\" cellpadding=\"0\" align=\"center\">\n<tbody>\n<tr>\n<td valign=\"top\"><img loading=\"lazy\" decoding=\"async\" class=\"size-medium wp-image-273 aligncenter\" src=\"https:\/\/www.Schuetzenverein-nordwohlde.de\/wp-content\/uploads\/2017\/07\/bild7-300x177.jpg\" alt=\"\" width=\"300\" height=\"177\" srcset=\"https:\/\/www.Schuetzenverein-nordwohlde.de\/wp-content\/uploads\/2017\/07\/bild7-300x177.jpg 300w, https:\/\/www.Schuetzenverein-nordwohlde.de\/wp-content\/uploads\/2017\/07\/bild7.jpg 379w\" sizes=\"auto, (max-width: 300px) 100vw, 300px\" \/><\/td>\n<\/tr>\n<\/tbody>\n<\/table>\n<\/div>\n<p>Als Nachfolger von Lehrer Ludwig Abeler wurde am 7. Dezember 1930 der Lehrer Heinrich Keese zum Hauptmann und ersten Vorsitzenden gew\u00e4hlt.<\/p>\n<p>Der Sch\u00fctzenverein wurde 1933 in den NS-Reichsbund f\u00fcr Leibes\u00fcbungen ein\u00adgegliedert. Befehlsgem\u00e4\u00df wurde nach 1933 auch der \u201eVolksk\u00f6nig&#8220; bei einer beson\u00adderen Schie\u00dfveranstaltung ausgeschossen.<\/p>\n<p>In der Generalversammlung vom 1. Januar 1935 beschlo\u00df der Verein, einen Teil des Holzkamps zur Errichtung einer allen Anforderungen gerechten Schie\u00dfanlage vom Bauern Garbs zu pachten und den Zimmermeister Albert Schorling, Pestinghausen, mit der Ausarbeitung eines entsprechenden Planes zu beauftragen. Beim Sch\u00fctzenfest 1936 konnte der neue Schie\u00dfstand in Gebrauch genommen werden.<\/p>\n<p>Am 2. Mai 1940 wurde in der Generalversammlung protokolliert, da\u00df \u201evon einem Sch\u00fctzenfest Abstand genommen werden sollte&#8220;.<\/p>\n<p>Auch im zweiten Weltkriege fanden keine weiteren Schie\u00dfveranstaltungen statt. Dieser Weltkrieg forderte unter den Vereinsmitgliedern wiederum seine Opfer.<\/p>\n<p>Nach dem Krieg waren Vereinst\u00e4tigkeiten von der Besatzungsmacht zun\u00e4chst g\u00e4nz\u00adlich verboten. Erst 1950 wurden die Vorschriften etwas gelockert, und vereinzelt wurden wieder Vereine gegr\u00fcndet. Auch in Nordwohlde beschlo\u00df am 1. M\u00e4rz 1951 eine Versammlung von 26 Mitgliedern die Neugr\u00fcndung des Sch\u00fctzenvereins.<\/p>\n<p>Die Schie\u00dfhalle wurde notd\u00fcrftig renoviert, das K\u00f6nigs- und Preisschie\u00dfen konnte bei dem Sch\u00fctzenfest 1951 mit Luftgewehren ausgetragen werden.<\/p>\n<p>Der erste Sch\u00fctzenk\u00f6nig nach dem Kriege war Rudolf Rathkamp. Die Sch\u00fctzen kauften sich graue, leichte Sch\u00fctzenr\u00f6cke, soweit sie keine alten Uniformjacken mehr hatten.<\/p>\n<p>&nbsp;<\/p>\n<p>Im Jahr 1952 gr\u00fcndete der Verein auf Wunsch der jugendlichen Mitglieder einen Jungsch\u00fctzenzug f\u00fcr 14 -18-j\u00e4hrige Jungen. Dieser entwickelte sich immer mehr zu einem festen Bestandteil des Vereins.<\/p>\n<div>1953 wurde der Schie\u00dfstand weiter ausgebaut, und die Sch\u00fctzen konnten jetzt wie\u00adder auf sechs St\u00e4nden schie\u00dfen, ab 1954 auch mit Kleinkalibergewehren.<\/div>\n<div><\/div>\n<div><img loading=\"lazy\" decoding=\"async\" class=\"size-medium wp-image-274 aligncenter\" src=\"https:\/\/www.Schuetzenverein-nordwohlde.de\/wp-content\/uploads\/2017\/07\/bild8-300x176.jpg\" alt=\"\" width=\"300\" height=\"176\" srcset=\"https:\/\/www.Schuetzenverein-nordwohlde.de\/wp-content\/uploads\/2017\/07\/bild8-300x176.jpg 300w, https:\/\/www.Schuetzenverein-nordwohlde.de\/wp-content\/uploads\/2017\/07\/bild8.jpg 376w\" sizes=\"auto, (max-width: 300px) 100vw, 300px\" \/><\/div>\n<div>\n<div>\u00a050j\u00e4hriges Vereinsjubil\u00e4um<\/div>\n<div><\/div>\n<div>\n<p>Seit 1954 ist der Verein Mitglied im Deutschen Sch\u00fctzenbund.<\/p>\n<p>Die Generalversammlung vom 9. Januar 1965 w\u00e4hlte als Nachfolger von Heinrich Keese, der 35 Jahre Hauptmann des Vereins war, zum Hauptmann und ersten Vor\u00adsitzenden den Landwirt G\u00fcnter Wilk.<\/p>\n<p>Seit 1965 wird allj\u00e4hrlich am 30. April der \u201eTanz in den Mai&#8220; gefeiert.<\/p>\n<p>Die Eintragung in das Vereinsregister beim Amtsgericht Syke wurde am 11. August 1967 auf Antrag des Sch\u00fctzenvereins gestellt. Der Verein f\u00fchrt seitdem die Be\u00adzeichnung \u201eSch\u00fctzenverein Nordwohlde von 1904 e.V.&#8220;.<\/p>\n<p>Am 20. Oktober 1970 wurde in einer au\u00dferordentlichen Generalversammlung der Architekt Heinz Rohlfs zum Hauptmann und ersten Vorsitzenden gew\u00e4hlt und f\u00fcr die Schie\u00dfstanderweiterung als Planer und Bauleiter der umfangreichen Bauma\u00df\u00adname bestimmt.<\/p>\n<div>Ebenfalls am 20. Oktober 1970 wurde mit Adolf Garbs ein Pachtvertrag f\u00fcr das Schie\u00dfstandgel\u00e4nde zum Pachtpreis von 250,- DM j\u00e4hrlich abgeschlossen. 1969 drohte die Aufsichtsbeh\u00f6rde die Schlie\u00dfung des Schie\u00dfstandes wegen mangeln\u00adder Sicherheitseinrichtungen an. Deshalb beschlo\u00df der Verein in der au\u00dferordent\u00adlichen Generalversammlung am 20. Oktober 1970, den Schie\u00dfstand den neuesten Vorschriften entsprechend umzubauen. Der Bauantrag wurde von Heinz Rohlfs in Zusammenarbeit mit dem Schie\u00dfstandsachverst\u00e4ndigen Heinrich Schorling aus\u00adgearbeitet und dem Bauamt zur Genehmigung vorgelegt.<\/div>\n<p>Am 5. Juni 1971 konnte der neue Schie\u00dfstand in Anwesenheit der Gemeinde\u00advertretung eingeweiht werden.<\/p>\n<p><img loading=\"lazy\" decoding=\"async\" class=\"size-medium wp-image-275 aligncenter\" src=\"https:\/\/www.Schuetzenverein-nordwohlde.de\/wp-content\/uploads\/2017\/07\/bild9-300x200.jpg\" alt=\"\" width=\"300\" height=\"200\" srcset=\"https:\/\/www.Schuetzenverein-nordwohlde.de\/wp-content\/uploads\/2017\/07\/bild9-300x200.jpg 300w, https:\/\/www.Schuetzenverein-nordwohlde.de\/wp-content\/uploads\/2017\/07\/bild9.jpg 430w\" sizes=\"auto, (max-width: 300px) 100vw, 300px\" \/><\/p>\n<p>&nbsp;<\/p>\n<\/div>\n<p>Alle am Schie\u00dfsport interessierte Damen \u00e4u\u00dferten mehrfach den Wunsch, eine Damenriege innerhalb des Sch\u00fctzenvereins zu bilden. Dieser wurde in der Versammlung am<strong> 7. Januar 1978<\/strong> vom Vorsitzenden vorgetragen, und die Gr\u00fcndung wurde beschlossen. Gleichzeitig gestand man den Damen auch zu, am K\u00f6nigsschie\u00dfen teilzunehmen und die K\u00f6nigsw\u00fcrde zu erringen. Der Vorsitzende mu\u00dfte sich wegen seines pers\u00f6nlichen Einsatzes f\u00fcr die Gr\u00fcndung der Damenriege sehr kritische \u00c4u\u00dferungen gefallen lassen.<\/p>\n<p>In der au\u00dferordentlichen Generalversammlung am<strong> 25. November 1978<\/strong> wurde beschlossen, Armelabzeichen nach einem Entwurf des ersten Vorsitzenden herstellen zu lassen. Das Abzeichen wird am linken Jacken\u00e4rmel getragen und kostete \u00a09,50 DM, heute 5 \u20ac.<\/p>\n<p><img loading=\"lazy\" decoding=\"async\" class=\"size-medium wp-image-276 aligncenter\" src=\"https:\/\/www.Schuetzenverein-nordwohlde.de\/wp-content\/uploads\/2017\/07\/bild10-214x300.jpg\" alt=\"\" width=\"214\" height=\"300\" srcset=\"https:\/\/www.Schuetzenverein-nordwohlde.de\/wp-content\/uploads\/2017\/07\/bild10-214x300.jpg 214w, https:\/\/www.Schuetzenverein-nordwohlde.de\/wp-content\/uploads\/2017\/07\/bild10.jpg 225w\" sizes=\"auto, (max-width: 214px) 100vw, 214px\" \/><\/p>\n<p>&nbsp;<\/p>\n<p>Das Sch\u00fctzenfest<strong> 1979<\/strong> war gepr\u00e4gt von der Feier des<strong> 75-j\u00e4hrigen Jubil\u00e4ums.<\/strong> Umfangreiche Vorbereitungen wurden vom Vorstand und Festausschu\u00df getroffen. Gleichzeitig hatte es der Verein \u00fcbernommen, das Kreissch\u00fctzenfest auszurichten.<\/p>\n<p><img loading=\"lazy\" decoding=\"async\" class=\"size-medium wp-image-277 aligncenter\" src=\"https:\/\/www.Schuetzenverein-nordwohlde.de\/wp-content\/uploads\/2017\/07\/bild11-300x152.jpg\" alt=\"\" width=\"300\" height=\"152\" srcset=\"https:\/\/www.Schuetzenverein-nordwohlde.de\/wp-content\/uploads\/2017\/07\/bild11-300x152.jpg 300w, https:\/\/www.Schuetzenverein-nordwohlde.de\/wp-content\/uploads\/2017\/07\/bild11.jpg 479w\" sizes=\"auto, (max-width: 300px) 100vw, 300px\" \/><\/p>\n<p>&nbsp;<\/p>\n<p>Eine Woche vorher waren \u00f6rtliche Vereine und Nachbarvereine sowie die Bev\u00f6lkerung zu einem Kommers in das Gasthaus L\u00fcdeke eingeladen.<\/p>\n<p><img loading=\"lazy\" decoding=\"async\" class=\"size-medium wp-image-278 aligncenter\" src=\"https:\/\/www.Schuetzenverein-nordwohlde.de\/wp-content\/uploads\/2017\/07\/bild12-300x175.jpg\" alt=\"\" width=\"300\" height=\"175\" srcset=\"https:\/\/www.Schuetzenverein-nordwohlde.de\/wp-content\/uploads\/2017\/07\/bild12-300x175.jpg 300w, https:\/\/www.Schuetzenverein-nordwohlde.de\/wp-content\/uploads\/2017\/07\/bild12.jpg 474w\" sizes=\"auto, (max-width: 300px) 100vw, 300px\" \/><\/p>\n<p>&nbsp;<\/p>\n<p>Beim<strong> Sch\u00fctzenfest 1985<\/strong> hatte zum erstenmal eine Dame die besten Sch\u00fcsse auf die K\u00f6nigsscheibe abgegeben. Anja Wedemeyer (jetzt Br\u00fcnder) wurde Sch\u00fctzenk\u00f6nigin.<\/p>\n<p>Am<strong> 20. August 1988<\/strong> feierten die Sch\u00fctzendamen das 10-j\u00e4hrige Bestehen der Damenriege mit 12 Gastvereinen. Damalige Leiterin war Beate Gi\u00f6rtz.<\/p>\n<p><img loading=\"lazy\" decoding=\"async\" class=\"size-medium wp-image-279 aligncenter\" src=\"https:\/\/www.Schuetzenverein-nordwohlde.de\/wp-content\/uploads\/2017\/07\/bild13-300x156.jpg\" alt=\"\" width=\"300\" height=\"156\" srcset=\"https:\/\/www.Schuetzenverein-nordwohlde.de\/wp-content\/uploads\/2017\/07\/bild13-300x156.jpg 300w, https:\/\/www.Schuetzenverein-nordwohlde.de\/wp-content\/uploads\/2017\/07\/bild13.jpg 476w\" sizes=\"auto, (max-width: 300px) 100vw, 300px\" \/><\/p>\n<p>&nbsp;<\/p>\n<p>Am 07.01.1995 stellte Heinz Rohlfs sein Amt als 1. Vorsitzender zur Verf\u00fcgung. Zu seinem Nachfolger wurde der Fernmeldetechniker Heino M\u00fcller in der Generalversammlung 1995 zum Hauptmann und 1. Vorsitzenden gew\u00e4hlt.<\/p>\n<p>Das 50-j\u00e4hrige Jubil\u00e4um feierte der Jungsch\u00fctzenzug am 15. Mai 2003 mit vielen G\u00e4sten aus 8 Nachbarvereinen. Bei einem internen Pokalschie\u00dfen waren die lungsch\u00fctzen von Bassum 1848 Sieger.<\/p>\n<p><img loading=\"lazy\" decoding=\"async\" class=\"size-medium wp-image-280 aligncenter\" src=\"https:\/\/www.Schuetzenverein-nordwohlde.de\/wp-content\/uploads\/2017\/07\/bild14-300x227.jpg\" alt=\"\" width=\"300\" height=\"227\" srcset=\"https:\/\/www.Schuetzenverein-nordwohlde.de\/wp-content\/uploads\/2017\/07\/bild14-300x227.jpg 300w, https:\/\/www.Schuetzenverein-nordwohlde.de\/wp-content\/uploads\/2017\/07\/bild14.jpg 476w\" sizes=\"auto, (max-width: 300px) 100vw, 300px\" \/><\/p>\n<p>&nbsp;<\/p>\n<p>Am 30. August 2003 hatte die Damenriege Sch\u00fctzendamen und Sch\u00fctzen aus den umliegenden Vereinen zur Feier ihres 25-j\u00e4hrigen Bestehens eingeladen. Die Riegenleiterin Beate Gi\u00f6rtz hatte 1990 ihr Amt an Gisela Hanisch abgegeben, diese wurde 1997 von Conny Finke abgel\u00f6st.<\/p>\n<p><img loading=\"lazy\" decoding=\"async\" class=\"size-medium wp-image-281 aligncenter\" src=\"https:\/\/www.Schuetzenverein-nordwohlde.de\/wp-content\/uploads\/2017\/07\/bild15-2-238x300.jpg\" alt=\"\" width=\"238\" height=\"300\" srcset=\"https:\/\/www.Schuetzenverein-nordwohlde.de\/wp-content\/uploads\/2017\/07\/bild15-2-238x300.jpg 238w, https:\/\/www.Schuetzenverein-nordwohlde.de\/wp-content\/uploads\/2017\/07\/bild15-2.jpg 474w\" sizes=\"auto, (max-width: 238px) 100vw, 238px\" \/><\/p>\n<p>&nbsp;<\/p>\n<p>Die Sch\u00fctzen w\u00e4hlten in der Generalversammlung am<strong> 05.01.2002<\/strong> als Nachfolger von Heino M\u00fcller<strong> J\u00f6rg Rohlfs, St\u00fctelberg<\/strong> zum<strong> 1<\/strong>. Vorsitzenden.<br \/>\nAm <strong>05.01.2008 <\/strong>legte J\u00f6rg Rohlfs seinen Posten als 1. Vorsitzender nieder, f\u00fcr ihn wurde <strong>Harald D\u00f6pke<\/strong> zum 1.\u00a0Vorsitzenden gew\u00e4hlt.<br \/>\nAm 04.01.2014 stellte Harald D\u00f6pke seinen Posten als 1. Vorsitzender zur Verf\u00fcgung. F\u00fcr ihn wurde <strong>Andreas Punke<\/strong> von der Versammlung einstimmig zum neuen 1. Vorsitzenden gew\u00e4hlt.<\/p>\n<p>&nbsp;<\/p>\n<p>&nbsp;<\/p>\n<\/div>\n<\/div>\n","protected":false},"excerpt":{"rendered":"<p>Die Geschichte des Sch\u00fctzenvereins Nordwohlde Von der Gr\u00fcndung des Sch\u00fctzenvereins Nordwohlde sind leider nur wenige Doku\u00admente vorhanden. Durch die beiden Weltkriege sind zudem sehr viele schriftliche Unterlagen verlorengegangen. In einer Zeitungsanzeige in der \u201eSyker Zeitung&#8220; ist zu lesen, da\u00df \u201ebehufs Gr\u00fcndung eines Sch\u00fctzenvereins am Sonntag, dem 28. Mai 1905 beim Gastwirt Wessel nach\u00admittags um 4 Uhr eine Versammlung stattfinden soll.&#8220;<\/p>\n","protected":false},"author":1,"featured_media":0,"parent":52,"menu_order":2,"comment_status":"closed","ping_status":"closed","template":"","meta":{"footnotes":""},"class_list":["post-55","page","type-page","status-publish","hentry"],"_links":{"self":[{"href":"https:\/\/www.Schuetzenverein-nordwohlde.de\/index.php?rest_route=\/wp\/v2\/pages\/55","targetHints":{"allow":["GET"]}}],"collection":[{"href":"https:\/\/www.Schuetzenverein-nordwohlde.de\/index.php?rest_route=\/wp\/v2\/pages"}],"about":[{"href":"https:\/\/www.Schuetzenverein-nordwohlde.de\/index.php?rest_route=\/wp\/v2\/types\/page"}],"author":[{"embeddable":true,"href":"https:\/\/www.Schuetzenverein-nordwohlde.de\/index.php?rest_route=\/wp\/v2\/users\/1"}],"replies":[{"embeddable":true,"href":"https:\/\/www.Schuetzenverein-nordwohlde.de\/index.php?rest_route=%2Fwp%2Fv2%2Fcomments&post=55"}],"version-history":[{"count":8,"href":"https:\/\/www.Schuetzenverein-nordwohlde.de\/index.php?rest_route=\/wp\/v2\/pages\/55\/revisions"}],"predecessor-version":[{"id":874,"href":"https:\/\/www.Schuetzenverein-nordwohlde.de\/index.php?rest_route=\/wp\/v2\/pages\/55\/revisions\/874"}],"up":[{"embeddable":true,"href":"https:\/\/www.Schuetzenverein-nordwohlde.de\/index.php?rest_route=\/wp\/v2\/pages\/52"}],"wp:attachment":[{"href":"https:\/\/www.Schuetzenverein-nordwohlde.de\/index.php?rest_route=%2Fwp%2Fv2%2Fmedia&parent=55"}],"curies":[{"name":"wp","href":"https:\/\/api.w.org\/{rel}","templated":true}]}}