{"id":374,"date":"2017-07-30T16:46:38","date_gmt":"2017-07-30T14:46:38","guid":{"rendered":"https:\/\/www.Schuetzenverein-nordwohlde.de\/?page_id=374"},"modified":"2020-06-24T21:16:39","modified_gmt":"2020-06-24T19:16:39","slug":"schiessergebnisse-2013","status":"publish","type":"page","link":"https:\/\/www.Schuetzenverein-nordwohlde.de\/?page_id=374","title":{"rendered":"Schie\u00dfergebnisse 2013"},"content":{"rendered":"<p><strong>Schiessergebnisse vom Sch\u00fctzenverein Nordwohlde<\/strong><\/p>\n<table class=\"contentpaneopen\">\n<tbody>\n<tr>\n<td valign=\"top\">\n<div>\n<p><strong>Pokalschie\u00dfen\u00a0Bassum\u00a0&#8222;Gut Ziel&#8220;\u00a02013<br \/>\n<\/strong>&#8211; Nordwohlder Jugend 3. Platz<br \/>\n&#8211; Nordwohlder Herren 2. Platz<\/p>\n<p><strong>Nachbarschaftspokalschie\u00dfen\u00a0Nordwohlde 2013<br \/>\n<\/strong>&#8211; Nordwohlder Jugend 1. Platz<br \/>\n&#8211; Nordwohlder Damen 1. Platz<br \/>\n&#8211; Nordwohlder Herren 1. Platz<br \/>\n&#8211; Nicole Finke Tagesbeste<br \/>\n&#8211; Harald D\u00f6pke Tagesbester<\/p>\n<p><strong>Kreismeisterschaften 2014<\/strong><\/p>\n<p><strong>LG &#8211; Auflage &#8211; Sch\u00fcler A m \/ Einzel<br \/>\n<\/strong>&#8211; Timo Bokelmann 1. Platz<br \/>\n&#8211; Jens Nolte 2. Platz<\/p>\n<p><strong>LG &#8211; Auflage &#8211; Jugend\u00a0w \/ Einzel<br \/>\n<\/strong>&#8211; Celine Stubbmann 2.Platz<br \/>\n&#8211; Larissa Meyer 4. Platz<br \/>\n&#8211; Hanna Dannhoff 5.Platz<\/p>\n<p><strong>LG &#8211; Auflage &#8211; Jugend w \/ Mannschaft<br \/>\n&#8211;\u00a0<\/strong>Nordwohlde 1. Platz<\/p>\n<p><strong>\u00a0<\/strong><strong>LG &#8211; Auflage &#8211; Junioren B w \/ Einzel<br \/>\n<\/strong>&#8211; Rabea Bokelmann 2. Platz<\/p>\n<p><strong>LG &#8211; Auflage &#8211; Junioren\u00a0B<\/strong><strong> m \/ Einzel<br \/>\n<\/strong>&#8211;\u00a0Sven Nolte\u00a02. Platz<\/p>\n<p><strong>LG &#8211; Auflage &#8211; Junioren\u00a0A<\/strong><strong> m \/ Einzel<br \/>\n<\/strong>&#8211;\u00a0Corina Meyer 1. Platz<\/p>\n<p><strong>LG &#8211; Auflage &#8211; Junioren\u00a0A<\/strong><strong> m \/ Einzel<br \/>\n<\/strong>&#8211;\u00a0Andre Finke\u00a06. Platz<\/p>\n<p><strong>Herbstmeisterschaft 2013<br \/>\n<\/strong>&#8211; Petra D\u00f6pke Herbstmeisterin<br \/>\n&#8211; Petra D\u00f6pke Damenbeste<br \/>\n&#8211; Timo Bokelmann Jugendbester<br \/>\n&#8211; Harald D\u00f6pke Wanderpokalsieger<br \/>\n&#8211; G\u00fcnter Cordes Birsepokalsieger<br \/>\n&#8211; Timo Bokelmann Jugendbirsepokalsieger<\/p>\n<p><strong>Pokalschie\u00dfen Hallstedt 2013<br \/>\n<\/strong>&#8211; Nordwohlder Jugend 2.Platz<br \/>\n&#8211; Nordwohlder Herren 5. Platz<\/p>\n<p><strong>Pokalschie\u00dfen M\u00f6rsen 2013<br \/>\n<\/strong><strong>&#8211; <\/strong>Nordwohlder Herren 1. Platz<\/p>\n<p><strong>Pokalschie\u00dfen Fahrenhorst 2013<br \/>\n<\/strong>&#8211; Nordwohlder Damen 1. Platz<br \/>\n&#8211; Nordwohlder Herren 3. Platz<br \/>\n&#8211; Karin Bokelmann Tagesbeste<br \/>\n&#8211; Harald D\u00f6pke Tagesbester<br \/>\n<strong><br \/>\nSch\u00fctzenfest\u00a02013<br \/>\n<\/strong>&#8211; Sylvia Wagner K\u00f6nigin<br \/>\n&#8211; Michael Kimme Vizek\u00f6nig<br \/>\n&#8211;\u00a0G\u00fcnter Cordes Altersk\u00f6nig<br \/>\n&#8211; Andre Finke Jugendk\u00f6nig<br \/>\n&#8211; Vico S\u00fcndermann Kinderk\u00f6nig<br \/>\n&#8211; Marina Weber B\u00fcrgerpokalsiegerin<\/p>\n<p><strong>Vereinsmeisterschaft 2013<br \/>\n<\/strong>&#8211; Harald D\u00f6pke K\u00f6nig der K\u00f6nige<br \/>\n&#8211;\u00a0Helmut Finke\u00a0Vereinsmeister<br \/>\n&#8211; Conny und Helmut Finke Er &amp; Sie &#8211; Pokal Sieger<\/p>\n<p><strong>Kreisk\u00f6nigs- und Pokalschie\u00dfen 2013<br \/>\n<\/strong>&#8211; Karin Bokelmann &#8211; K\u00f6nigin der K\u00f6niginnen<br \/>\n&#8211; Marek Meyer &#8211; 1.Jugendprinz<br \/>\n&#8211; Nicole Finke &#8211; 2. Prinzessin<br \/>\n&#8211; Nordwohlder Herren &#8211; Kreispokalsieger<br \/>\n&#8211; Nordwohlder Damen &#8211; 3., 4. und 6. Platz<br \/>\n&#8211; Nordwohlder Jugend &#8211; 5. Platz<\/p>\n<p><strong>Pokalschie\u00dfen Freudenberg 2013<br \/>\n&#8211; <\/strong>Nordwohlder Herren 5. Platz<\/p>\n<p><strong>Pokalschie\u00dfen Natenstedt 2013<br \/>\n&#8211; <\/strong>Nordwohlder Jugend 1.Platz<br \/>\n&#8211; Nordwohlder Herren 6. Platz<\/p>\n<p><strong>Stadtk\u00f6nigssschie\u00dfen 2013<br \/>\n<\/strong>&#8211; Nicole Finke Stadtk\u00f6nigin<br \/>\n&#8211; Katrin Pache 4.Platz<br \/>\n&#8211; Karin Bokelmann K\u00f6nigin der K\u00f6niginnen<br \/>\n&#8211; Hans Dannhoff Vizek\u00f6nig<br \/>\n&#8211; Nordwohlder Jugend 3. Platz<\/p>\n<p><strong>Pokalschie\u00dfen Dimhausen 2013<br \/>\n<\/strong>&#8211; Nordwohlder Herren 2. Platz<\/p>\n<p><strong>Pokalschie\u00dfen\u00a0Neubruchhausen 2013<br \/>\n<\/strong>&#8211; Nordwohlder\u00a0 Jugend 3. Platz<\/p>\n<\/div>\n<\/td>\n<\/tr>\n<\/tbody>\n<\/table>\n","protected":false},"excerpt":{"rendered":"<p>Schiessergebnisse vom Sch\u00fctzenverein Nordwohlde Pokalschie\u00dfen\u00a0Bassum\u00a0&#8222;Gut Ziel&#8220;\u00a02013 &#8211; Nordwohlder Jugend 3. Platz &#8211; Nordwohlder Herren 2. Platz Nachbarschaftspokalschie\u00dfen\u00a0Nordwohlde 2013 &#8211; Nordwohlder Jugend 1. Platz &#8211; Nordwohlder Damen 1. Platz &#8211; Nordwohlder Herren 1. Platz &#8211; Nicole Finke Tagesbeste &#8211; Harald D\u00f6pke Tagesbester Kreismeisterschaften 2014 LG &#8211; Auflage &#8211; Sch\u00fcler A m \/ Einzel &#8211; Timo Bokelmann 1. Platz &#8211; Jens Nolte<\/p>\n","protected":false},"author":2,"featured_media":0,"parent":114,"menu_order":4,"comment_status":"closed","ping_status":"closed","template":"","meta":{"footnotes":""},"class_list":["post-374","page","type-page","status-publish","hentry"],"_links":{"self":[{"href":"https:\/\/www.Schuetzenverein-nordwohlde.de\/index.php?rest_route=\/wp\/v2\/pages\/374","targetHints":{"allow":["GET"]}}],"collection":[{"href":"https:\/\/www.Schuetzenverein-nordwohlde.de\/index.php?rest_route=\/wp\/v2\/pages"}],"about":[{"href":"https:\/\/www.Schuetzenverein-nordwohlde.de\/index.php?rest_route=\/wp\/v2\/types\/page"}],"author":[{"embeddable":true,"href":"https:\/\/www.Schuetzenverein-nordwohlde.de\/index.php?rest_route=\/wp\/v2\/users\/2"}],"replies":[{"embeddable":true,"href":"https:\/\/www.Schuetzenverein-nordwohlde.de\/index.php?rest_route=%2Fwp%2Fv2%2Fcomments&post=374"}],"version-history":[{"count":4,"href":"https:\/\/www.Schuetzenverein-nordwohlde.de\/index.php?rest_route=\/wp\/v2\/pages\/374\/revisions"}],"predecessor-version":[{"id":1532,"href":"https:\/\/www.Schuetzenverein-nordwohlde.de\/index.php?rest_route=\/wp\/v2\/pages\/374\/revisions\/1532"}],"up":[{"embeddable":true,"href":"https:\/\/www.Schuetzenverein-nordwohlde.de\/index.php?rest_route=\/wp\/v2\/pages\/114"}],"wp:attachment":[{"href":"https:\/\/www.Schuetzenverein-nordwohlde.de\/index.php?rest_route=%2Fwp%2Fv2%2Fmedia&parent=374"}],"curies":[{"name":"wp","href":"https:\/\/api.w.org\/{rel}","templated":true}]}}