{"id":372,"date":"2017-07-30T16:44:36","date_gmt":"2017-07-30T14:44:36","guid":{"rendered":"https:\/\/www.Schuetzenverein-nordwohlde.de\/?page_id=372"},"modified":"2020-06-24T21:16:13","modified_gmt":"2020-06-24T19:16:13","slug":"schiessergebnisse-2014","status":"publish","type":"page","link":"https:\/\/www.Schuetzenverein-nordwohlde.de\/?page_id=372","title":{"rendered":"Schie\u00dfergebnisse 2014"},"content":{"rendered":"<p><strong>Schiessergebnisse vom Sch\u00fctzenverein Nordwohlde<\/strong><\/p>\n<table class=\"contentpaneopen\">\n<tbody>\n<tr>\n<td valign=\"top\">\n<div>\n<p><strong>Pokalschie\u00dfen Bassum &#8222;Gut Ziel&#8220; 2014<br \/>\n<\/strong>&#8211; Nordwohlder Jugend 2. Platz<br \/>\n<strong><br \/>\nHerbstmeisterschaft 2014<br \/>\n<\/strong>&#8211;\u00a0Marlies Wessel\u00a0Herbstmeisterin<br \/>\n&#8211;\u00a0Saskia D\u00f6pke Damenbeste<br \/>\n&#8211; Timo Bokelmann Jugendbester<br \/>\n&#8211;\u00a0Michael Kimme\u00a0Wanderpokalsieger<br \/>\n&#8211;\u00a0Petra Stoffers\u00a0Birsepokalsieger<br \/>\n&#8211; Timo Bokelmann Jugendbirsepokalsieger<br \/>\n<strong><br \/>\nPokalschie\u00dfen Hallstedt 2014<br \/>\n<\/strong>&#8211; Nordwohlder Herren 2. Platz<br \/>\n<strong><br \/>\nPokalschie\u00dfen Kastendiek 2014<br \/>\n<\/strong>&#8211; Nordwohlder Herren 4. Platz<br \/>\n&#8211; Nordwohlder Damen 5. Platz<br \/>\n<strong><br \/>\nPokalschie\u00dfen M\u00f6rsen 2014<br \/>\n<\/strong>&#8211; Nordwohlder Herren 2. Platz<br \/>\n<strong><br \/>\nPokalschie\u00dfen Fahrenhorst 2014<br \/>\n<\/strong>&#8211; Nordwohlder Damen 1. Platz<br \/>\n&#8211; Nordwohlder Herren 1. Platz<br \/>\n&#8211; Rebea Bokelmann Tagesbeste<br \/>\n<strong><br \/>\nNachbarschaftspokalschie\u00dfen St\u00fchren<br \/>\n<\/strong>&#8211; Nordwohlder Damen 1. Platz<br \/>\n&#8211; Nordwohlder Herren 2. Platz<br \/>\n&#8211; Nordwohlder Jugend 3. Platz<br \/>\n&#8211; Conny Finke Tagesbeste<\/p>\n<p><strong>Stadtk\u00f6nig- und Pokalschie\u00dfen<\/strong><br \/>\n&#8211; Nordwohlder Herren 1. Platz<br \/>\n&#8211; Nordwohlder Jugend 2. Platz<br \/>\n&#8211; Nordwohlder Damen 2. Platz<\/p>\n<p><strong><br \/>\nSch\u00fctzenfest 2014<\/strong><br \/>\n&#8211;\u00a0Wilfried Timmermann\u00a0K\u00f6nig<br \/>\n&#8211; Karin Bokelmann Vizek\u00f6nigin<br \/>\n&#8211; G\u00fcnter Reineke Altersk\u00f6nig<br \/>\n&#8211; Marek Meyer Jugendk\u00f6nig<br \/>\n&#8211; Luca N\u00f6lte Kinderk\u00f6nig<br \/>\n&#8211; Susanne Scholz B\u00fcrgerpokalsiegerin<br \/>\n<strong><br \/>\nVereinsmeisterschaft 2014<br \/>\n<\/strong>&#8211; G\u00fcnter Reineke K\u00f6nig der K\u00f6nige<br \/>\n&#8211; Michael Kimme Vereinsmeister<br \/>\n&#8211; Marlies und Gerd Wessel Er&amp;Sie &#8211; Pokalsieger<\/p>\n<p><strong>Kreisk\u00f6nigs- und Pokalschie\u00dfen 2014<br \/>\n<\/strong><strong>&#8211; <\/strong>Nicole Finke Kreisk\u00f6nigin<br \/>\n&#8211; Timo Bokelmann Kreisjugendk\u00f6nig<br \/>\n&#8211; Rabea Bokelmann 2. Jugendprinzessin<br \/>\n&#8211; Nordwohlder Jugend Kreispokalsieger<br \/>\n&#8211; Nordwohlder Herren 3. Platz<br \/>\n&#8211; Nordwohlder Damen 5. Platz<br \/>\n<strong><br \/>\nPokalschie\u00dfen Freudenberg 2014<br \/>\n<\/strong>&#8211; Nordwohlder Herren 2.Platz<\/p>\n<p><strong>Pokalschie\u00dfen\u00a0Okel 2014<br \/>\n<\/strong>&#8211; Nordwohlde\u00a0Jugend 2. Platz<br \/>\n&#8211; Nordwohlde Damen 5. Platz<\/p>\n<p><strong>Pokalschie\u00dfen Barrien 2014<br \/>\n<\/strong>&#8211; Nordwohlder Damen 2. Platz<\/p>\n<p><strong>Pokalschie\u00dfen Natenstedt 2014<br \/>\n&#8211; <\/strong>Nordwohlder Junioren 1.Platz<br \/>\n&#8211; Nordwohlder\u00a0Jugend 2. Platz<br \/>\n&#8211; Nordwohlder\u00a0Herren 2. Platz<\/p>\n<p><strong>Pokalschie\u00dfen\u00a0Neubruchhausen 2014<br \/>\n<\/strong>&#8211; Nordwohlder\u00a0 Jugend 2. Platz<br \/>\n&#8211; Nordwohlder Damen 2.Platz<\/p>\n<\/div>\n<\/td>\n<\/tr>\n<\/tbody>\n<\/table>\n","protected":false},"excerpt":{"rendered":"<p>Schiessergebnisse vom Sch\u00fctzenverein Nordwohlde Pokalschie\u00dfen Bassum &#8222;Gut Ziel&#8220; 2014 &#8211; Nordwohlder Jugend 2. Platz Herbstmeisterschaft 2014 &#8211;\u00a0Marlies Wessel\u00a0Herbstmeisterin &#8211;\u00a0Saskia D\u00f6pke Damenbeste &#8211; Timo Bokelmann Jugendbester &#8211;\u00a0Michael Kimme\u00a0Wanderpokalsieger &#8211;\u00a0Petra Stoffers\u00a0Birsepokalsieger &#8211; Timo Bokelmann Jugendbirsepokalsieger Pokalschie\u00dfen Hallstedt 2014 &#8211; Nordwohlder Herren 2. Platz Pokalschie\u00dfen Kastendiek 2014 &#8211; Nordwohlder Herren 4. Platz &#8211; Nordwohlder Damen 5. Platz Pokalschie\u00dfen M\u00f6rsen 2014 &#8211; Nordwohlder Herren<\/p>\n","protected":false},"author":2,"featured_media":0,"parent":114,"menu_order":3,"comment_status":"closed","ping_status":"closed","template":"","meta":{"footnotes":""},"class_list":["post-372","page","type-page","status-publish","hentry"],"_links":{"self":[{"href":"https:\/\/www.Schuetzenverein-nordwohlde.de\/index.php?rest_route=\/wp\/v2\/pages\/372","targetHints":{"allow":["GET"]}}],"collection":[{"href":"https:\/\/www.Schuetzenverein-nordwohlde.de\/index.php?rest_route=\/wp\/v2\/pages"}],"about":[{"href":"https:\/\/www.Schuetzenverein-nordwohlde.de\/index.php?rest_route=\/wp\/v2\/types\/page"}],"author":[{"embeddable":true,"href":"https:\/\/www.Schuetzenverein-nordwohlde.de\/index.php?rest_route=\/wp\/v2\/users\/2"}],"replies":[{"embeddable":true,"href":"https:\/\/www.Schuetzenverein-nordwohlde.de\/index.php?rest_route=%2Fwp%2Fv2%2Fcomments&post=372"}],"version-history":[{"count":3,"href":"https:\/\/www.Schuetzenverein-nordwohlde.de\/index.php?rest_route=\/wp\/v2\/pages\/372\/revisions"}],"predecessor-version":[{"id":1531,"href":"https:\/\/www.Schuetzenverein-nordwohlde.de\/index.php?rest_route=\/wp\/v2\/pages\/372\/revisions\/1531"}],"up":[{"embeddable":true,"href":"https:\/\/www.Schuetzenverein-nordwohlde.de\/index.php?rest_route=\/wp\/v2\/pages\/114"}],"wp:attachment":[{"href":"https:\/\/www.Schuetzenverein-nordwohlde.de\/index.php?rest_route=%2Fwp%2Fv2%2Fmedia&parent=372"}],"curies":[{"name":"wp","href":"https:\/\/api.w.org\/{rel}","templated":true}]}}