{"id":146,"date":"2017-07-25T18:20:44","date_gmt":"2017-07-25T16:20:44","guid":{"rendered":"http:\/\/sv-nordwohlde.de\/?page_id=146"},"modified":"2025-06-30T11:28:37","modified_gmt":"2025-06-30T09:28:37","slug":"herzlich-willkommen-beim-schuetzenverein-nordwohlde","status":"publish","type":"page","link":"https:\/\/www.Schuetzenverein-nordwohlde.de\/","title":{"rendered":"Herzlich Willkommen beim Sch\u00fctzenverein Nordwohlde"},"content":{"rendered":"<p><img loading=\"lazy\" decoding=\"async\" class=\"alignnone size-full wp-image-2691\" src=\"https:\/\/www.Schuetzenverein-nordwohlde.de\/wp-content\/uploads\/2025\/06\/IMG_0014-1-scaled.jpeg\" alt=\"\" width=\"2560\" height=\"1092\" srcset=\"https:\/\/www.Schuetzenverein-nordwohlde.de\/wp-content\/uploads\/2025\/06\/IMG_0014-1-scaled.jpeg 2560w, https:\/\/www.Schuetzenverein-nordwohlde.de\/wp-content\/uploads\/2025\/06\/IMG_0014-1-300x128.jpeg 300w, https:\/\/www.Schuetzenverein-nordwohlde.de\/wp-content\/uploads\/2025\/06\/IMG_0014-1-1024x437.jpeg 1024w, https:\/\/www.Schuetzenverein-nordwohlde.de\/wp-content\/uploads\/2025\/06\/IMG_0014-1-768x328.jpeg 768w, https:\/\/www.Schuetzenverein-nordwohlde.de\/wp-content\/uploads\/2025\/06\/IMG_0014-1-1536x655.jpeg 1536w, https:\/\/www.Schuetzenverein-nordwohlde.de\/wp-content\/uploads\/2025\/06\/IMG_0014-1-2048x873.jpeg 2048w\" sizes=\"auto, (max-width: 2560px) 100vw, 2560px\" \/><\/p>\n<p>Liebe Sch\u00fctzinnen und Sch\u00fctzen,<br \/>\nliebe Freunde des Schie\u00dfsports,<\/p>\n<p><span style=\"font-size: 1em;\">Herzlich Willkommen auf unserer Homepage. Der Sch\u00fctzenverein Nordwohlde wurde 1904 gegr\u00fcndet und ist seitdem ein fester Bestandteil im gesellschaftlichen Leben in Nordwohlde. Neben vielen schie\u00dfsportlichen Ereignissen steht die Pflege von Tradition und Kameradschaft an erster Stelle.<\/span><\/p>\n<div class=\"csc-textpic-text\">\n<p>Auf den folgenden Seiten k\u00f6nnt ihr Euch \u00fcber den Sch\u00fctzenverein Nordwohlde, aktuelle Wettkampfergebnisse sowie anstehende Termine\/Veranstaltungen informieren.<\/p>\n<p>Viel Spa\u00df beim St\u00f6bern und allzeit gut Schuss<br \/>\nw\u00fcnscht Euch der Sch\u00fctzenverein Nordwohlde<\/p>\n<\/div>\n<table class=\" aligncenter\" style=\"height: 66px; width: 74.0728%; border-style: none;\" width=\"74.0728%\">\n<tbody>\n<tr>\n<td style=\"width: 240px;\"><!-- x-tinymce\/html --><a href=\"http:\/\/www.nordwohlde.de\" target=\"_blank\" rel=\"noopener noreferrer\"><img loading=\"lazy\" decoding=\"async\" class=\"aligncenter wp-image-263\" src=\"https:\/\/www.Schuetzenverein-nordwohlde.de\/wp-content\/uploads\/2017\/07\/nordwohlde.png\" alt=\"\" width=\"154\" height=\"39\" \/><\/a><\/td>\n<td style=\"width: 240px;\"><!-- x-tinymce\/html --><a href=\"https:\/\/www.ruf-nordwohlde.de\/\" target=\"_blank\" rel=\"noopener noreferrer\"><img loading=\"lazy\" decoding=\"async\" class=\"aligncenter wp-image-266\" src=\"https:\/\/www.Schuetzenverein-nordwohlde.de\/wp-content\/uploads\/2017\/07\/reitverein.png\" alt=\"\" width=\"154\" height=\"39\" \/><\/a><\/td>\n<td style=\"width: 240px;\"><!-- x-tinymce\/html --><a href=\"http:\/\/www.tve-nordwohlde.de\" target=\"_blank\" rel=\"noopener noreferrer\"><img loading=\"lazy\" decoding=\"async\" class=\"aligncenter wp-image-264\" src=\"https:\/\/www.Schuetzenverein-nordwohlde.de\/wp-content\/uploads\/2017\/07\/tve02.png\" alt=\"\" width=\"154\" height=\"39\" \/><\/a><\/td>\n<\/tr>\n<\/tbody>\n<\/table>\n","protected":false},"excerpt":{"rendered":"<p>Liebe Sch\u00fctzinnen und Sch\u00fctzen, liebe Freunde des Schie\u00dfsports, Herzlich Willkommen auf unserer Homepage. Der Sch\u00fctzenverein Nordwohlde wurde 1904 gegr\u00fcndet und ist seitdem ein fester Bestandteil im gesellschaftlichen Leben in Nordwohlde. Neben vielen schie\u00dfsportlichen Ereignissen steht die Pflege von Tradition und Kameradschaft an erster Stelle. Auf den folgenden Seiten k\u00f6nnt ihr Euch \u00fcber den Sch\u00fctzenverein Nordwohlde, aktuelle Wettkampfergebnisse sowie anstehende Termine\/Veranstaltungen<\/p>\n","protected":false},"author":1,"featured_media":0,"parent":0,"menu_order":0,"comment_status":"closed","ping_status":"closed","template":"","meta":{"footnotes":""},"class_list":["post-146","page","type-page","status-publish","hentry"],"_links":{"self":[{"href":"https:\/\/www.Schuetzenverein-nordwohlde.de\/index.php?rest_route=\/wp\/v2\/pages\/146","targetHints":{"allow":["GET"]}}],"collection":[{"href":"https:\/\/www.Schuetzenverein-nordwohlde.de\/index.php?rest_route=\/wp\/v2\/pages"}],"about":[{"href":"https:\/\/www.Schuetzenverein-nordwohlde.de\/index.php?rest_route=\/wp\/v2\/types\/page"}],"author":[{"embeddable":true,"href":"https:\/\/www.Schuetzenverein-nordwohlde.de\/index.php?rest_route=\/wp\/v2\/users\/1"}],"replies":[{"embeddable":true,"href":"https:\/\/www.Schuetzenverein-nordwohlde.de\/index.php?rest_route=%2Fwp%2Fv2%2Fcomments&post=146"}],"version-history":[{"count":114,"href":"https:\/\/www.Schuetzenverein-nordwohlde.de\/index.php?rest_route=\/wp\/v2\/pages\/146\/revisions"}],"predecessor-version":[{"id":2692,"href":"https:\/\/www.Schuetzenverein-nordwohlde.de\/index.php?rest_route=\/wp\/v2\/pages\/146\/revisions\/2692"}],"wp:attachment":[{"href":"https:\/\/www.Schuetzenverein-nordwohlde.de\/index.php?rest_route=%2Fwp%2Fv2%2Fmedia&parent=146"}],"curies":[{"name":"wp","href":"https:\/\/api.w.org\/{rel}","templated":true}]}}