{"id":1217,"date":"2019-03-25T18:11:30","date_gmt":"2019-03-25T17:11:30","guid":{"rendered":"https:\/\/www.Schuetzenverein-nordwohlde.de\/?page_id=1217"},"modified":"2020-06-24T21:11:55","modified_gmt":"2020-06-24T19:11:55","slug":"schiessergebnisse-2019","status":"publish","type":"page","link":"https:\/\/www.Schuetzenverein-nordwohlde.de\/?page_id=1217","title":{"rendered":"Schie\u00dfergebnisse 2019"},"content":{"rendered":"\n<p><strong>Schiessergebnisse vom Sch\u00fctzenverein Nordwohlde<\/strong><\/p>\n\n\n\n<p><strong>Kreismeisterschaften 2020<br><\/strong>&#8211; LG Auflage Herren I: Sven Nolte 4. Platz<br>&#8211; LG Auflage Damen I: Hanna Dannhoff 5. Platz<br>&#8211; LG Auflage Junioren I: Jens Nolte 1. Platz<br>&#8211; LG Auflage Senioren 0: Thomas Wagenfeld 4. Platz<br>&#8211; LP Auflage Senioren 0: Thomas Wagenfeld 4. Platz<br>&#8211; KK Auflage Herren I: Sven Nolte 5. Platz<br>&#8211; KK Auflage Damen I: Hanna Dannhoff 5. Platz<br>&#8211; KK Auflage Senioren 0: Thomas Wagenfeld 5. Platz<\/p>\n\n\n\n<p><strong>Pokalschie\u00dfen Stelle 2019<\/strong><br>&#8211; Nordwohlder Herren 1. Platz<\/p>\n\n\n\n<p><strong>Herbstmeisterschaft 2019<\/strong><br>&#8211; Herbstmeister: G\u00fcnter Reineke<br>&#8211; Wanderpokal: Nicole Finke<br>&#8211; Damenbeste: Britta Dannhoff<br>&#8211; Birsek\u00f6nig: Marlies Wessel<br>&#8211; Jugendbirsek\u00f6nig: Fynn Wessel <\/p>\n\n\n\n<p><strong>Pokalschie\u00dfen Kastendiek 2019 <\/strong><br>&#8211; Nordwohlder Damen 1. Platz<\/p>\n\n\n\n<p><b>Nachbarschaftspokalschie\u00dfen Fahrenhorst <strong>201<\/strong><\/b><strong>9<\/strong><br>&#8211; Nordwohlder Damen 2. Platz<br>&#8211; Nordwohlder Herren 3. Platz<\/p>\n\n\n\n<p><strong>Sch\u00fctzenfest 2019<br> <\/strong>\u2013&nbsp;Ilona Kreutzmann&nbsp;K\u00f6nigin<br> \u2013&nbsp;Andree Dohrmann&nbsp;Vizek\u00f6nig<br> \u2013&nbsp;Monika Reineke&nbsp;Altersk\u00f6nigin<br> \u2013&nbsp;Sina Piontek Jugendk\u00f6nigin<br> \u2013&nbsp;Lilo Janssen Kinderk\u00f6nigin<br> \u2013&nbsp;Andreas Kiel B\u00fcrgerpokalsieger<\/p>\n\n\n\n<p><strong>Vereinsmeisterschaft 2019<br><\/strong>\u2013&nbsp;Harald D\u00f6pke&nbsp;K\u00f6nig der K\u00f6nige<br>\u2013&nbsp;Helmut Finke&nbsp;Vereinsmeister<br>\u2013&nbsp;Monika und G\u00fcnter Reineke&nbsp;Er &amp; Sie-Pokalsieger<br>\u2013&nbsp;Hanna Dannhoff&nbsp;Jugendbeste<\/p>\n\n\n\n<p><strong>Stadtk\u00f6nig- und Pokalschie\u00dfen 2019<\/strong><br>&#8211; Nicole Finke K\u00f6nigin der K\u00f6niginnen<br>&#8211; Nordwohlder Damen 2. Platz<br>&#8211; Nordwohlder Jugend 3. Platz<br>&#8211; Nordwohlder Herren 3. Platz<\/p>\n\n\n\n<p><strong>\ufeffPokalschie\u00dfen Natenstedt 2019<\/strong><br>&#8211; Nordwohlder Damen 3. Platz<\/p>\n\n\n\n<p><strong>Kreisk\u00f6nig- und Pokalschie\u00dfen 2019<\/strong><br>&#8211; Hauke Specketer 2. Ritter<br>&#8211; Nordwohlder Herren 3. Platz<br>&#8211; Nordwohlder Damen 4. und 7. Platz<\/p>\n\n\n\n<p><strong>Pokalschie\u00dfen Barrien 2019<\/strong><br>&#8211; Nordwohlder Damen 2. Platz<\/p>\n\n\n\n<p><strong>Pokalschie\u00dfen Dimhausen 2019<\/strong><br> \u2013 Nordwohlder Herren 5. Platz<\/p>\n","protected":false},"excerpt":{"rendered":"<p>Schiessergebnisse vom Sch\u00fctzenverein Nordwohlde Kreismeisterschaften 2020&#8211; LG Auflage Herren I: Sven Nolte 4. Platz&#8211; LG Auflage Damen I: Hanna Dannhoff 5. Platz&#8211; LG Auflage Junioren I: Jens Nolte 1. Platz&#8211; LG Auflage Senioren 0: Thomas Wagenfeld 4. Platz&#8211; LP Auflage Senioren 0: Thomas Wagenfeld 4. Platz&#8211; KK Auflage Herren I: Sven Nolte 5. Platz&#8211; KK Auflage Damen I: Hanna Dannhoff<\/p>\n","protected":false},"author":1,"featured_media":0,"parent":114,"menu_order":0,"comment_status":"closed","ping_status":"closed","template":"","meta":{"footnotes":""},"class_list":["post-1217","page","type-page","status-publish","hentry"],"_links":{"self":[{"href":"https:\/\/www.Schuetzenverein-nordwohlde.de\/index.php?rest_route=\/wp\/v2\/pages\/1217","targetHints":{"allow":["GET"]}}],"collection":[{"href":"https:\/\/www.Schuetzenverein-nordwohlde.de\/index.php?rest_route=\/wp\/v2\/pages"}],"about":[{"href":"https:\/\/www.Schuetzenverein-nordwohlde.de\/index.php?rest_route=\/wp\/v2\/types\/page"}],"author":[{"embeddable":true,"href":"https:\/\/www.Schuetzenverein-nordwohlde.de\/index.php?rest_route=\/wp\/v2\/users\/1"}],"replies":[{"embeddable":true,"href":"https:\/\/www.Schuetzenverein-nordwohlde.de\/index.php?rest_route=%2Fwp%2Fv2%2Fcomments&post=1217"}],"version-history":[{"count":16,"href":"https:\/\/www.Schuetzenverein-nordwohlde.de\/index.php?rest_route=\/wp\/v2\/pages\/1217\/revisions"}],"predecessor-version":[{"id":1527,"href":"https:\/\/www.Schuetzenverein-nordwohlde.de\/index.php?rest_route=\/wp\/v2\/pages\/1217\/revisions\/1527"}],"up":[{"embeddable":true,"href":"https:\/\/www.Schuetzenverein-nordwohlde.de\/index.php?rest_route=\/wp\/v2\/pages\/114"}],"wp:attachment":[{"href":"https:\/\/www.Schuetzenverein-nordwohlde.de\/index.php?rest_route=%2Fwp%2Fv2%2Fmedia&parent=1217"}],"curies":[{"name":"wp","href":"https:\/\/api.w.org\/{rel}","templated":true}]}}